sands digit of 253980?
2
What is the ten thousands digit of 1043024?
4
What is the thousands digit of 5297830?
7
What is the ten millions digit of 23451820?
2
What is the units digit of 3759013?
3
What is the ten millions digit of 17351307?
1
What is the thousands digit of 121243?
1
What is the ten thousands digit of 392862?
9
What is the thousands digit of 2153764?
3
What is the units digit of 2592890?
0
What is the ten thousands digit of 71482?
7
What is the millions digit of 15230221?
5
What is the units digit of 8210034?
4
What is the thousands digit of 1731864?
1
What is the thousands digit of 984164?
4
What is the ten thousands digit of 9037047?
3
What is the hundred thousands digit of 349328?
3
What is the hundreds digit of 1147257?
2
What is the hundreds digit of 162336?
3
What is the tens digit of 8687979?
7
What is the units digit of 1044893?
3
What is the tens digit of 294045?
4
What is the hundred thousands digit of 15374952?
3
What is the millions digit of 11060486?
1
What is the thousands digit of 635424?
5
What is the millions digit of 2684869?
2
What is the ten thousands digit of 252922?
5
What is the hundreds digit of 62369?
3
What is the ten thousands digit of 1461717?
6
What is the hundred thousands digit of 4850837?
8
What is the hundred thousands digit of 211275?
2
What is the hundred thousands digit of 28192785?
1
What is the thousands digit of 124466?
4
What is the hundred thousands digit of 12470733?
4
What is the units digit of 598216?
6
What is the ten thousands digit of 251499?
5
What is the hundred thousands digit of 23005029?
0
What is the thousands digit of 730054?
0
What is the hundred thousands digit of 6019926?
0
What is the ten thousands digit of 78364?
7
What is the tens digit of 666460?
6
What is the units digit of 845357?
7
What is the thousands digit of 10264619?
4
What is the units digit of 2225228?
8
What is the tens digit of 5096680?
8
What is the ten thousands digit of 2533738?
3
What is the hundreds digit of 85368?
3
What is the tens digit of 1397282?
8
What is the hundred thousands digit of 175528?
1
What is the millions digit of 3497027?
3
What is the tens digit of 19749983?
8
What is the hundred thousands digit of 320052?
3
What is the millions digit of 3163804?
3
What is the hundreds digit of 1069839?
8
What is the thousands digit of 4673569?
3
What is the units digit of 600934?
4
What is the thousands digit of 20842143?
2
What is the millions digit of 1051684?
1
What is the millions digit of 14614881?
4
What is the millions digit of 5228350?
5
What is the units digit of 113022?
2
What is the millions digit of 1801555?
1
What is the units digit of 4790395?
5
What is the hundred thousands digit of 15419944?
4
What is the thousands digit of 27009921?
9
What is the hundreds digit of 522987?
9
What is the millions digit of 2966033?
2
What is the units digit of 7611175?
5
What is the hundreds digit of 963652?
6
What is the millions digit of 7040529?
7
What is the units digit of 6272924?
4
What is the units digit of 10282176?
6
What is the units digit of 113883?
3
What is the ten thousands digit of 7432956?
3
What is the units digit of 11128037?
7
What is the units digit of 347511?
1
What is the hundreds digit of 2523745?
7
What is the tens digit of 2331198?
9
What is the tens digit of 7770095?
9
What is the units digit of 170261?
1
What is the hundred thousands digit of 5275487?
2
What is the units digit of 246162?
2
What is the hundred thousands digit of 578955?
5
What is the tens digit of 1826054?
5
What is the units digit of 234062?
2
What is the ten millions digit of 12656059?
1
What is the hundreds digit of 1888332?
3
What is the ten thousands digit of 2816329?
1
What is the units digit of 7231194?
4
What is the units digit of 16349650?
0
What is the hundreds digit of 6958602?
6
What is the tens digit of 64691?
9
What is the ten thousands digit of 438382?
3
What is the hundred thousands digit of 281548?
2
What is the units digit of 1998336?
6
What is the thousands digit of 168181?
8
What is the ten thousands digit of 2425826?
2
What is the ten millions digit of 25242071?
2
What is the thousands digit of 131717?
1
What is the tens digit of 1802268?
6
What is the tens digit of 7333961?
6
What is the tens digit of 428696?
9
What is the tens digit of 1634419?
1
What is the ten thousands digit of 1284228?
8
What is the hundred thousands digit of 196530?
1
What is the ten thousands digit of 391794?
9
What is the tens digit of 18984?
8
What is the thousands digit of 2518302?
8
What is the ten thousands digit of 444306?
4
What is the thousands digit of 679537?
9
What is the tens digit of 116932?
3
What is the thousands digit of 9784167?
4
What is the thousands digit of 2952704?
2
What is the units digit of 142589?
9
What is the ten thousands digit of 5226215?
2
What is the units digit of 1104679?
9
What is the thousands digit of 1578390?
8
What is the thousands digit of 648909?
8
What is the ten thousands digit of 5535163?
3
What is the thousands digit of 1193605?
3
What is the millions digit of 9912581?
9
What is the tens digit of 217475?
7
What is the hundreds digit of 5109048?
0
What is the hundred thousands digit of 19157207?
1
What is the thousands digit of 443041?
3
What is the hundred thousands digit of 2909669?
9
What is the tens digit of 91346?
4
What is the hundreds digit of 668096?
0
What is the ten thousands digit of 148973?
4
What is the ten thousands digit of 215252?
1
What is the ten thousands digit of 10425?
1
What is the hundreds digit of 729583?
5
What is the units digit of 756143?
3
What is the hundred thousands digit of 2190322?
1
What is the tens digit of 1299145?
4
What is the hundred thousands digit of 2187501?
1
What is the ten thousands digit of 11693161?
9
What is the tens digit of 9254640?
4
What is the thousands digit of 321827?
1
What is the ten thousands digit of 13032409?
3
What is the units digit of 31200?
0
What is the ten thousands digit of 404437?
0
What is the ten thousands digit of 328823?
2
What is the hundreds digit of 369872?
8
What is the tens digit of 16283?
8
What is the hundreds digit of 565871?
8
What is the hundreds digit of 548757?
7
What is the hundred thousands digit of 191272?
1
What is the millions digit of 1550563?
1
What is the hundred thousands digit of 863914?
8
What is the ten thousands digit of 58728?
5
What is the hundred thousands digit of 5049320?
0
What is the millions digit of 1885184?
1
What is the hundreds digit of 885190?
1
What is the ten thousands digit of 16966182?
6
What is the thousands digit of 516557?
6
What is the thousands digit of 547591?
7
What is the tens digit of 78090?
9
What is the thousands digit of 15710629?
0
What is the hundreds digit of 8172816?
8
What is the units digit of 14447032?
2
What is the units digit of 5863947?
7
What is the millions digit of 2720407?
2
What is the millions digit of 16267684?
6
What is the hundreds digit of 4280358?
3
What is the hundred thousands digit of 2265879?
2
What is the ten thousands digit of 7803211?
0
What is the hundreds digit of 212360?
3
What is the tens digit of 387966?
6
What is the hundreds digit of 6444421?
4
What is the hundreds digit of 8909244?
2
What is the tens digit of 1290559?
5
What is the hundred thousands digit of 137188?
1
What is the units digit of 823234?
4
What is the hundred thousands digit of 1362928?
3
What is the hundreds digit of 10742695?
6
What is the thousands digit of 847647?
7
What is the tens digit of 30076?
7
What is the units digit of 2086097?
7
What is the ten thousands digit of 1258908?
5
What is the tens digit of 1708364?
6
What is the ten thousands digit of 113619?
1
What is the millions digit of 3318545?
3
What is the thousands digit of 866202?
6
What is the millions digit of 3126056?
3
What is the hundred thousands digit of 28609643?
6
What is the hundred thousands digit of 164603?
1
What is the units digit of 5457958?
8
What is the hundred thousands digit of 19411476?
4
What is the ten thousands digit of 42860?
4
What is the millions digit of 10113029?
0
What is the millions digit of 10498137?
0
What is the millions digit of 3371487?
3
What is the millions digit of 4340183?
4
What is the thousands digit of 6547962?
7
What is the thousands 